
32
Calculate the greatest common divisor of 22260 and 6300.
420
Calculate the greatest common factor of 227855 and 2519.
229
Calculate the highest common factor of 47628 and 24.
12
Calculate the greatest common factor of 797320 and 60.
20
What is the highest common divisor of 23933 and 66703?
91
Calculate the greatest common divisor of 960 and 1888.
32
What is the greatest common factor of 51569 and 625639?
973
Calculate the greatest common divisor of 116147 and 76.
19
Calculate the greatest common divisor of 157058 and 3993.
1331
Calculate the highest common divisor of 306299 and 611.
47
What is the greatest common factor of 11728 and 1192?
8
Calculate the highest common divisor of 4783138 and 436.
218
What is the greatest common factor of 328 and 6658072?
328
What is the highest common divisor of 2321917 and 13?
13
Calculate the highest common divisor of 34 and 312647.
17
Calculate the greatest common factor of 69446 and 39.
13
What is the highest common factor of 4848 and 192?
48
What is the highest common divisor of 876 and 457564?
292
Calculate the greatest common divisor of 243 and 370548.
27
Calculate the greatest common divisor of 1102 and 16994.
58
Calculate the greatest common factor of 24864 and 14763.
777
What is the highest common factor of 942 and 105033?
471
Calculate the greatest common divisor of 91025 and 550.
275
Calculate the highest common factor of 100161 and 90.
9
What is the highest common divisor of 1615 and 2567?
17
Calculate the greatest common divisor of 456027 and 858.
429
What is the greatest common factor of 15435 and 22260?
105
What is the greatest common divisor of 12 and 398628?
12
What is the greatest common factor of 218603 and 30107?
1309
Calculate the greatest common factor of 96 and 30804.
12
Calculate the highest common divisor of 177 and 395949.
177
Calculate the greatest common factor of 384956 and 1144.
572
Calculate the greatest common divisor of 4801452 and 912.
228
Calculate the highest common divisor of 225848 and 35224.
2072
What is the greatest common factor of 10 and 646780?
10
Calculate the highest common divisor of 148325 and 75.
25
Calculate the greatest common divisor of 144820 and 1820.
260
What is the greatest common factor of 2561930 and 70?
70
What is the greatest common divisor of 1540 and 1815?
55
What is the highest common divisor of 66267 and 333?
333
What is the greatest common factor of 604 and 13439?
151
What is the greatest common divisor of 191253 and 37?
37
What is the greatest common divisor of 59436 and 39?
39
Calculate the greatest common divisor of 1292 and 76684.
76
What is the greatest common factor of 140658 and 374?
34
What is the highest common factor of 22 and 395263?
11
What is the greatest common divisor of 336 and 3664?
16
What is the greatest common divisor of 44 and 2842400?
44
Calculate the highest common divisor of 108 and 23232.
12
What is the greatest common divisor of 1652 and 263081?
413
What is the highest common divisor of 3658 and 10856?
118
What is the highest common factor of 820 and 112955?
205
Calculate the highest common divisor of 611 and 1417.
13
What is the greatest common factor of 12936 and 5896?
88
Calculate the greatest common divisor of 17992 and 48.
8
What is the greatest common factor of 51837 and 7992?
111
Calculate the highest common factor of 31044 and 186.
6
What is the highest common divisor of 44 and 950048?
44
What is the highest common factor of 17517 and 354?
3
What is the highest common factor of 65663 and 26?
13
Calculate the highest common factor of 146944 and 41.
41
Calculate the highest common divisor of 71309 and 32.
1
Calculate the greatest common factor of 117904 and 32.
16
What is the highest common factor of 270 and 5265?
135
Calculate the highest common factor of 15372 and 17388.
252
Calculate the highest common factor of 9021 and 2325.
93
What is the highest common factor of 8 and 14484872?
8
What is the highest common divisor of 11915 and 115?
5
What is the greatest common divisor of 59950 and 4950?
550
What is the highest common factor of 727375 and 11000?
1375
What is the highest common divisor of 29585 and 256565?
485
What is the highest common divisor of 2921 and 7590?
23
What is the highest common divisor of 10736 and 7076?
244
Calculate the highest common divisor of 15526 and 1169.
7
Calculate the highest common factor of 60172 and 56.
28
Calculate the greatest common divisor of 248482 and 76.
38
Calculate the highest common divisor of 270 and 7980.
30
What is the greatest common divisor of 17688 and 74303?
67
Calculate the greatest common factor of 12478 and 8500.
34
What is the highest common divisor of 2480 and 13120?
80
What is the greatest common factor of 42 and 141106?
14
What is the greatest common divisor of 464693 and 127?
127
Calculate the greatest common divisor of 327010 and 106.
106
Calculate the highest common divisor of 370880 and 64.
64
Calculate the greatest common factor of 2 and 749510.
2
What is the highest common divisor of 552 and 2748?
12
What is the greatest common factor of 965472 and 445?
89
Calculate the greatest common divisor of 55723 and 3787.
541
What is the greatest common factor of 3954776 and 14?
14
What is the greatest common divisor of 3655 and 54094?
731
What is the greatest common factor of 180 and 1470?
30
Calculate the greatest common factor of 1017 and 99.
9
Calculate the greatest common divisor of 4420 and 55913.
221
What is the greatest common factor of 88 and 9672?
8
Calculate the highest common factor of 49657 and 153.
17
Calculate the greatest common factor of 2195041 and 47.
47
What is the greatest common factor of 710339 and 196?
7
What is the highest common factor of 48937 and 112?
7
What is the highest common factor of 117741 and 1131?
39
Calculate the highest common factor of 852 and 15768.
12
What is the highest common divisor of 901 and 9281201?
901
What is the highest common factor of 337637 and 221?
17
Calculate the greatest common factor of 962 and 8473.
37
What is the greatest common divisor of 16582020 and 130?
130
Calculate the highest common divisor of 114374 and 106.
106
Calculate the greatest common factor of 29124 and 180.
36
Calculate the greatest common divisor of 783 and 6786.
261
What is the highest common factor of 6543 and 18?
9
What is the highest common factor of 8568 and 216?
72
Calculate the highest common factor of 77 and 23837.
11
Calculate the greatest common divisor of 8509 and 2032.
127
Calculate the greatest common factor of 74675 and 325.
25
Calculate the highest common divisor of 9090 and 4343.
101
What is the greatest common factor of 3962430 and 45?
45
Calculate the greatest common divisor of 191800 and 1507.
137
What is the highest common divisor of 40158 and 414?
414
Calculate the highest common factor of 15012 and 126.
18
What is the greatest common divisor of 5727 and 1104?
69
What is the greatest common divisor of 368506 and 529?
23
Calculate the greatest common factor of 976 and 32696.
488
Calculate the highest common divisor of 11310 and 135.
15
Calculate the greatest common divisor of 1144 and 24739.
143
Calculate the greatest common factor of 335740 and 20.
20
Calculate the greatest common factor of 76 and 614878.
38
What is the highest common factor of 197 and 146371?
197
What is the highest common factor of 2509 and 366700?
193
Calculate the greatest common factor of 169 and 5571.
1
What is the greatest common factor of 62 and 572074?
62
What is the greatest common divisor of 96 and 10128?
48
Calculate the highest common factor of 176 and 13354.
22
Calculate the greatest common divisor of 18414 and 3813.
93
Calculate the highest common divisor of 2160 and 321192.
216
Calculate the highest common factor of 13223122 and 121.
121
Calculate the greatest common divisor of 264 and 533368.
88
Calculate the highest common factor of 49 and 1125824.
49
What is the highest common factor of 5080 and 572008?
1016
What is the greatest common divisor of 19823 and 43?
43
Calculate the highest common divisor of 1669263 and 11637.
1293
Calculate the greatest common divisor of 3061035 and 45.
45
Calculate the greatest common factor of 18796 and 296.
148
What is the highest common divisor of 73 and 115559?
73
What is the greatest c